{"id":10005,"date":"2016-06-14T20:53:22","date_gmt":"2016-06-14T18:53:22","guid":{"rendered":"https:\/\/itisfondi.edu.it\/web\/?page_id=10005"},"modified":"2024-07-15T18:07:36","modified_gmt":"2024-07-15T16:07:36","slug":"comitato-tecnico-scientifico","status":"publish","type":"page","link":"https:\/\/itisfondi.edu.it\/web\/comitato-tecnico-scientifico\/","title":{"rendered":"Comitato Tecnico Scientifico"},"content":{"rendered":"<p>Comitato Tecnico Scientifico<\/p>\n<p>Gli istituti tecnici, in base all\u2019art. 5, comma 3 punto d) del Regolamento, possono dotarsi di un comitato tecnico scientifico (CTS) composto da docenti e da esperti del mondo del lavoro, delle professioni e della ricerca scientifica e tecnologica. Il CTS costituisce un elemento che pu\u00f2 favorire l\u2019innovazione dell\u2019organizzazione degli istituti tecnici; \u00e8 un organismo con funzioni consultive e propositive per l\u2019organizzazione delle aree di indirizzo e l\u2019utilizzazione degli spazi di autonomia e flessibilit\u00e0; \u00e8 lo strumento per consolidare i rapporti della scuola con il mondo del lavoro e delle professioni e sviluppare le alleanze formative di cui al par. 4. Pur non essendovi una specifica regolamentazione in materia, la costituzione del CTS non pu\u00f2 che essere formalizzata con apposite delibere degli organi collegiali della scuola nel rispetto dei ruoli istituzionali di ciascun organo. Per esigenze di trasparenza e correttezza istituzionale, costituiscono parti integranti di tali delibere l\u2019 atto costitutivo e il regolamento di funzionamento che ne definiscono la composizione anche in ordine alle competenze dei propri membri (coerenti con le caratteristiche dell\u2019istituto e le finalit\u00e0 del CTS), le funzioni, le modalit\u00e0 organizzative e forme di comunicazione e di cooperazione con gli organi collegiali dell\u2019istituto, nel rispetto delle loro specifiche competenze. Al fine di garantire un efficace funzionamento del CTS , \u00e8 opportuno prevedere un congruo numero di riunioni annuali, con cadenza almeno trimestrale. Per assicurare continuit\u00e0 alle azioni programmate dalle istituzioni scolastiche nella loro autonomia, anche ai fini del monitoraggio, valutazione dei risultati e controllo di qualit\u00e0 dei processi attivati, \u00e8 opportuno, altres\u00ec, che il CTS duri in carica almeno per un triennio. Esemplificazioni di buone pratiche realizzate dagli istituti tecnici sono disponibili sul sito ANSAS nella sezione dedicata ai nuovi istituti tecnici, sotto la voce \u201cEsperienz<\/p>\n","protected":false},"excerpt":{"rendered":"<p>Comitato Tecnico Scientifico Gli istituti tecnici, in base all\u2019art. 5, comma 3 punto d) del Regolamento, possono dotarsi di un comitato tecnico scientifico (CTS) composto da docenti e da esperti del mondo del lavoro, delle professioni [&hellip;]<\/p>\n","protected":false},"author":1,"featured_media":0,"parent":0,"menu_order":0,"comment_status":"closed","ping_status":"closed","template":"","meta":{"footnotes":""},"tags":[454],"class_list":["post-10005","page","type-page","status-publish","hentry","tag-istituto"],"_links":{"self":[{"href":"https:\/\/itisfondi.edu.it\/web\/wp-json\/wp\/v2\/pages\/10005","targetHints":{"allow":["GET"]}}],"collection":[{"href":"https:\/\/itisfondi.edu.it\/web\/wp-json\/wp\/v2\/pages"}],"about":[{"href":"https:\/\/itisfondi.edu.it\/web\/wp-json\/wp\/v2\/types\/page"}],"author":[{"embeddable":true,"href":"https:\/\/itisfondi.edu.it\/web\/wp-json\/wp\/v2\/users\/1"}],"replies":[{"embeddable":true,"href":"https:\/\/itisfondi.edu.it\/web\/wp-json\/wp\/v2\/comments?post=10005"}],"version-history":[{"count":2,"href":"https:\/\/itisfondi.edu.it\/web\/wp-json\/wp\/v2\/pages\/10005\/revisions"}],"predecessor-version":[{"id":20545,"href":"https:\/\/itisfondi.edu.it\/web\/wp-json\/wp\/v2\/pages\/10005\/revisions\/20545"}],"wp:attachment":[{"href":"https:\/\/itisfondi.edu.it\/web\/wp-json\/wp\/v2\/media?parent=10005"}],"wp:term":[{"taxonomy":"post_tag","embeddable":true,"href":"https:\/\/itisfondi.edu.it\/web\/wp-json\/wp\/v2\/tags?post=10005"}],"curies":[{"name":"wp","href":"https:\/\/api.w.org\/{rel}","templated":true}]}}