{"id":15451,"date":"2020-04-27T08:30:31","date_gmt":"2020-04-27T06:30:31","guid":{"rendered":"https:\/\/itisfondi.edu.it\/web\/?page_id=15451"},"modified":"2024-07-15T18:07:35","modified_gmt":"2024-07-15T16:07:35","slug":"rinvio-giochi-matematici-bocconi","status":"publish","type":"page","link":"https:\/\/itisfondi.edu.it\/web\/rinvio-giochi-matematici-bocconi\/","title":{"rendered":"Rinvio giochi matematici Bocconi"},"content":{"rendered":"<p>La &#8220;semifinale&#8221; che avremmo dovuto svolgere a marzo e che poi, via via, era stata spostata al 16 maggio \u00e8 stata infatti annullata; una decisione quasi ovvia e scontata, visto il protrarsi delle conseguenze sociali del\u00a0contagio.<br \/>\nLe &#8220;semifinali&#8221; si terranno invece on line sabato 6 giugno 2020, con inizio alle 14.30.<br \/>\nCiascun concorrente, regolarmente iscrittosi a gennaio\/febbraio e che avr\u00e0 confermato la propria adesione\u00a0all&#8217;iniziativa (compilando un apposito form individuale), ricever\u00e0 alle 14.30 di sabato 6 giugno una password\u00a0che gli permetter\u00e0 la lettura e l&#8217;eventuale stampa dei quesiti della propria categoria e gli consentir\u00e0 di inviare,\u00a0sempre on line, le proprie soluzioni.<br \/>\nI concorrenti svolgeranno dunque la loro gara da casa utilizzando un qualunque pc o dispositivo mobile\u00a0(tablet, smartphone).<br \/>\n\u00c8 chiaro che una tale modalit\u00e0, che non prevede la sorveglianza \u201cin presenza\u201d, pu\u00f2 comportare l\u2019eventualit\u00e0\u00a0che i concorrenti vengano aiutati dai genitori e dai fratelli pi\u00f9 grandi o possano ricorrere all\u2019utilizzo di libri,\u00a0formulari ecc.<br \/>\nSi tratta di comportamenti naturalmente vietati ma che, stante la nuova modalit\u00e0 on line, non \u00e8 possibile\u00a0impedire, per cui si raccomanda vivamente di affrontare la gara con sano spirito di competizione, senza\u00a0disattendere quell&#8217;honor code che ciascuno idealmente sottoscriver\u00e0.<br \/>\nSi forniscono di seguito alcune indicazioni e istruzioni per la partecipazione alla gara on line:<\/p>\n<ol>\n<li>Sul sito <a href=\"https:\/\/giochimatematici.unibocconi.it\">https:\/\/giochimatematici.unibocconi.it<\/a>, a partire dal 1 maggio tutti i concorrenti troveranno il\u00a0form con il quale potranno confermare la loro iscrizione. La gara del 6 giugno \u00e8 riservata ai &#8220;vecchi&#8221;\u00a0iscritti (di quest&#8217;anno) che nel frattempo non hanno chiesto il rimborso e che ora confermano\u00a0l&#8217;iscrizione.<\/li>\n<li>Dal 1 al 15 maggio i concorrenti hanno dunque la possibilit\u00e0 di compilare il form oppure chiedere, da\u00a0parte di chi ha effettuato il versamento\/bonifico, il rimborso della quota versata per l&#8217;iscrizione, non\u00a0avendo la possibilit\u00e0 o il piacere di partecipare alla gara on line. Dopo la data del 15 maggio non sar\u00e0\u00a0effettuato pi\u00f9 alcun rimborso.<\/li>\n<li>Da luned\u00ec 4 maggio a luned\u00ec 8 giugno sar\u00e0 attivo via mail un helpdesk dedicato ai partecipanti, per\u00a0aiutarli tecnicamente nella fase di registrazione e nell&#8217;accesso al sito. L&#8217;helpdesk sar\u00e0 attivo (nei giorni\u00a0feriali) dalle 9.00 alle 18.00.<\/li>\n<li>Sabato 16 maggio si terr\u00e0 un allenamento particolarmente significativo perch\u00e9 effettuato con gli\u00a0stessi testi che negli altri Paesi vengono utilizzati lo stesso giorno per le finali nazionali (on line). La\u00a0prova si svolger\u00e0 con le stesse modalit\u00e0 seguite nell&#8217;allenamento del 21 marzo.<\/li>\n<li>La gara si svolger\u00e0, come detto, sabato 6 giugno alle 14.30 on line ma per il resto con le consuete\u00a0modalit\u00e0. Avr\u00e0 presumibilmente una durata inferiore (60 minuti per la categoria C1 ecc.), che verr\u00e0\u00a0comunque precisata. Quando il concorrente ritiene di aver completato la propria prova, &#8220;consegna&#8221; i\u00a0risultati per mezzo di un controllo di invio delle risposte (Consegna) soggetto ad ulteriore conferma da\u00a0parte del partecipante; dopo la conferma non sar\u00e0 possibile da parte sua intervenire in alcun modo per\u00a0cambiare le soluzioni. Il sistema tiene traccia dell&#8217;azione e della tempistica di conferma in termini di\u00a0data\/ora\/secondi. Quando il contatore raggiunge lo zero (in termini di tempo residuo), la prova sar\u00e0\u00a0considerata &#8220;consegnata&#8221;.<\/li>\n<li>Le classifiche provvisorie verranno comunicate luned\u00ec 8 giugno 2020. Saranno redatte secondo i\u00a0consueti criteri di numero di quesiti risolti, punteggio, tempo (per brevit\u00e0 non sar\u00e0 considerata l&#8217;et\u00e0).<br \/>\nLe classifiche definitive saranno pubblicate marted\u00ec 16 giugno 2020.<br \/>\nLa classifica tradizionale (primo, secondo, terzo ecc. ) \u00e8 prevista solo per la categoria GP.<br \/>\nPer le altre categorie i concorrenti saranno divisi in fasce, sempre a livello nazionale.<\/li>\n<li>Nella situazione attuale non \u00e8 dato sapere se sar\u00e0 possibile organizzare, dopo l&#8217;estate, la finale\u00a0nazionale. Realisticamente \u00e8 molto difficile che questo avvenga, visti tutti i timori e le precauzioni di\u00a0&#8220;distanziamento sociale&#8221; che si intendono prendere.<\/li>\n<\/ol>\n<p>Per ulteriori chiarimenti \u00e8 possibile contattare i docenti referenti prof.ssa Simona Lippa (sede di Fondi) e il\u00a0prof. Salvatore Zeola (sede di SS. Cosma e Damiano), oltre al docente coordinatore prof. Pietro Tedesco.<\/p>\n","protected":false},"excerpt":{"rendered":"<p>La &#8220;semifinale&#8221; che avremmo dovuto svolgere a marzo e che poi, via via, era stata spostata al 16 maggio \u00e8 stata infatti annullata; una decisione quasi ovvia e scontata, visto il protrarsi delle conseguenze sociali del\u00a0contagio. [&hellip;]<\/p>\n","protected":false},"author":1,"featured_media":0,"parent":0,"menu_order":0,"comment_status":"closed","ping_status":"closed","template":"","meta":{"footnotes":""},"tags":[454],"class_list":["post-15451","page","type-page","status-publish","hentry","tag-istituto"],"_links":{"self":[{"href":"https:\/\/itisfondi.edu.it\/web\/wp-json\/wp\/v2\/pages\/15451","targetHints":{"allow":["GET"]}}],"collection":[{"href":"https:\/\/itisfondi.edu.it\/web\/wp-json\/wp\/v2\/pages"}],"about":[{"href":"https:\/\/itisfondi.edu.it\/web\/wp-json\/wp\/v2\/types\/page"}],"author":[{"embeddable":true,"href":"https:\/\/itisfondi.edu.it\/web\/wp-json\/wp\/v2\/users\/1"}],"replies":[{"embeddable":true,"href":"https:\/\/itisfondi.edu.it\/web\/wp-json\/wp\/v2\/comments?post=15451"}],"version-history":[{"count":7,"href":"https:\/\/itisfondi.edu.it\/web\/wp-json\/wp\/v2\/pages\/15451\/revisions"}],"predecessor-version":[{"id":20684,"href":"https:\/\/itisfondi.edu.it\/web\/wp-json\/wp\/v2\/pages\/15451\/revisions\/20684"}],"wp:attachment":[{"href":"https:\/\/itisfondi.edu.it\/web\/wp-json\/wp\/v2\/media?parent=15451"}],"wp:term":[{"taxonomy":"post_tag","embeddable":true,"href":"https:\/\/itisfondi.edu.it\/web\/wp-json\/wp\/v2\/tags?post=15451"}],"curies":[{"name":"wp","href":"https:\/\/api.w.org\/{rel}","templated":true}]}}