{"id":16530,"date":"2021-02-01T19:41:37","date_gmt":"2021-02-01T18:41:37","guid":{"rendered":"https:\/\/itisfondi.edu.it\/web\/?page_id=16530"},"modified":"2024-07-15T18:07:36","modified_gmt":"2024-07-15T16:07:36","slug":"corsi-serali","status":"publish","type":"page","link":"https:\/\/itisfondi.edu.it\/web\/corsi-serali\/","title":{"rendered":"Corsi serali"},"content":{"rendered":"<p>Tornare sui banchi di scuola, spesso a tanti anni dall&#8217;ultima volta e dopo una giornata di lavoro, dovendo in pi\u00f9 conciliare lo studio con la famiglia, richiede forti motivazioni. Lo si fa per tanti motivi: per un lavoro migliore, per soddisfazione personale, per dare un esempio ai figli adolescenti, per correggere il tiro dopo scelte scolastiche non proprio azzeccate, per completare il proprio percorso professionale o deviarlo, dandogli una direzione diversa dopo la crisi.<\/p>\n<p>Non \u00e8 mai troppo tardi per migliorare il tuo futuro!<\/p>\n<p>La quarta rivoluzione industriale, che sta gi\u00e0 portando nelle imprese la digitalizzazione 4.0, costringer\u00e0 sempre pi\u00f9 persone a compiere percorsi di riqualificazione e a rimettersi in gioco anche in et\u00e0 matura, cosa aspetti allora&#8230;<\/p>\n<p>[\/vc_column_text][vc_raw_html]JTNDY2VudGVyJTNFJTNDaWZyYW1lJTIwd2lkdGglM0QlMjI1NjAlMjIlMjBoZWlnaHQlM0QlMjIzMTUlMjIlMjBzcmMlM0QlMjJodHRwcyUzQSUyRiUyRnd3dy55b3V0dWJlLW5vY29va2llLmNvbSUyRmVtYmVkJTJGNGFDZGgyZ3RuSVElMjIlMjB0aXRsZSUzRCUyMlByZXNlbnRhemlvbmUlMjBjdXJyaWN1bHVtJTIwZGVsbG8lMjBzdHVkZW50ZSUyMiUyMGZyYW1lYm9yZGVyJTNEJTIyMCUyMiUyMGFsbG93JTNEJTIyYWNjZWxlcm9tZXRlciUzQiUyMGF1dG9wbGF5JTNCJTIwY2xpcGJvYXJkLXdyaXRlJTNCJTIwZW5jcnlwdGVkLW1lZGlhJTNCJTIwZ3lyb3Njb3BlJTNCJTIwcGljdHVyZS1pbi1waWN0dXJlJTIyJTIwYWxsb3dmdWxsc2NyZWVuJTNFJTNDJTJGaWZyYW1lJTNFJTNDJTJGY2VudGVyJTNF[\/vc_raw_html][vc_custom_heading text=&#8221;Rimettiti in gioco!<br \/>\nDiventa un professionista!&#8221; font_container=&#8221;tag:h3|font_size:30px|text_align:center|color:%23002850&#8243; google_fonts=&#8221;font_family:Exo%202%3A100%2C100italic%2C200%2C200italic%2C300%2C300italic%2Cregular%2Citalic%2C500%2C500italic%2C600%2C600italic%2C700%2C700italic%2C800%2C800italic%2C900%2C900italic|font_style:500%20bold%20italic%3A500%3Aitalic&#8221; css_animation=&#8221;fadeInLeft&#8221;][vc_empty_space][vc_custom_heading text=&#8221;Scopri i nostri indirizzi&#8230;&#8221; font_container=&#8221;tag:h4|font_size:20px|text_align:center|color:%23002850&#8243; google_fonts=&#8221;font_family:Exo%202%3A100%2C100italic%2C200%2C200italic%2C300%2C300italic%2Cregular%2Citalic%2C500%2C500italic%2C600%2C600italic%2C700%2C700italic%2C800%2C800italic%2C900%2C900italic|font_style:500%20bold%20italic%3A500%3Aitalic&#8221; css_animation=&#8221;fadeInLeft&#8221;][vc_empty_space height=&#8221;12px&#8221;][\/vc_column][\/vc_row][vc_row][vc_column width=&#8221;1\/2&#8243;][vc_btn title=&#8221;ELETTRONICA ED ELETTROTECNICA&#8221; style=&#8221;3d&#8221; color=&#8221;sky&#8221; size=&#8221;lg&#8221; align=&#8221;center&#8221; css_animation=&#8221;fadeInUp&#8221; link=&#8221;url:https%3A%2F%2Flnx.itisfondi.it%2Fwordpress%2Felettronica-ed-elettrotecnica-2%2F|||&#8221;][\/vc_column][vc_column width=&#8221;1\/2&#8243;][vc_btn title=&#8221;INFORMATICA E TELECOMUNICAZIONI&#8221; style=&#8221;3d&#8221; color=&#8221;sky&#8221; size=&#8221;lg&#8221; align=&#8221;center&#8221; css_animation=&#8221;fadeInUp&#8221; link=&#8221;url:https%3A%2F%2Flnx.itisfondi.it%2Fwordpress%2Finformatica-e-telecomunicazioni%2F|||&#8221;][\/vc_column][\/vc_row][vc_row][vc_column][vc_empty_space height=&#8221;22px&#8221;][vc_raw_html]JTNDY2VudGVyJTNFJTNDaWZyYW1lJTIwd2lkdGglM0QlMjI1NjAlMjIlMjBoZWlnaHQlM0QlMjIzMTUlMjIlMjBzcmMlM0QlMjJodHRwcyUzQSUyRiUyRnd3dy55b3V0dWJlLW5vY29va2llLmNvbSUyRmVtYmVkJTJGZkRRNmFhcjZzdTglMjIlMjB0aXRsZSUzRCUyMlByZXNlbnRhemlvbmUlMjBjdXJyaWN1bHVtJTIwZGVsbG8lMjBzdHVkZW50ZSUyMiUyMGZyYW1lYm9yZGVyJTNEJTIyMCUyMiUyMGFsbG93JTNEJTIyYWNjZWxlcm9tZXRlciUzQiUyMGF1dG9wbGF5JTNCJTIwY2xpcGJvYXJkLXdyaXRlJTNCJTIwZW5jcnlwdGVkLW1lZGlhJTNCJTIwZ3lyb3Njb3BlJTNCJTIwcGljdHVyZS1pbi1waWN0dXJlJTIyJTIwYWxsb3dmdWxsc2NyZWVuJTNFJTNDJTJGaWZyYW1lJTNFJTNDJTJGY2VudGVyJTNF[\/vc_raw_html][vc_empty_space height=&#8221;22px&#8221;][vc_raw_html]JTNDY2VudGVyJTNFJTNDaWZyYW1lJTIwd2lkdGglM0QlMjI1NjAlMjIlMjBoZWlnaHQlM0QlMjIzMTUlMjIlMjBzcmMlM0QlMjJodHRwcyUzQSUyRiUyRnd3dy55b3V0dWJlLW5vY29va2llLmNvbSUyRmVtYmVkJTJGYmxsazR5THZWX1UlMjIlMjB0aXRsZSUzRCUyMlByZXNlbnRhemlvbmUlMjBjdXJyaWN1bHVtJTIwZGVsbG8lMjBzdHVkZW50ZSUyMiUyMGZyYW1lYm9yZGVyJTNEJTIyMCUyMiUyMGFsbG93JTNEJTIyYWNjZWxlcm9tZXRlciUzQiUyMGF1dG9wbGF5JTNCJTIwY2xpcGJvYXJkLXdyaXRlJTNCJTIwZW5jcnlwdGVkLW1lZGlhJTNCJTIwZ3lyb3Njb3BlJTNCJTIwcGljdHVyZS1pbi1waWN0dXJlJTIyJTIwYWxsb3dmdWxsc2NyZWVuJTNFJTNDJTJGaWZyYW1lJTNFJTNDJTJGY2VudGVyJTNF[\/vc_raw_html][vc_empty_space height=&#8221;12px&#8221;][vc_custom_heading text=&#8221;Per maggiori informazioni, compila il form&#8221; font_container=&#8221;tag:h3|font_size:25px|text_align:center|color:%23002850&#8243; google_fonts=&#8221;font_family:Exo%202%3A100%2C100italic%2C200%2C200italic%2C300%2C300italic%2Cregular%2Citalic%2C500%2C500italic%2C600%2C600italic%2C700%2C700italic%2C800%2C800italic%2C900%2C900italic|font_style:500%20bold%20italic%3A500%3Aitalic&#8221; css_animation=&#8221;fadeInLeft&#8221;]<p class=\"wpcf7-contact-form-not-found\"><strong>Errore:<\/strong> Modulo di contatto non trovato.<\/p>[\/vc_column][\/vc_row]<\/p>\n","protected":false},"excerpt":{"rendered":"<p>Tornare sui banchi di scuola, spesso a tanti anni dall&#8217;ultima volta e dopo una giornata di lavoro, dovendo in pi\u00f9 conciliare lo studio con la famiglia, richiede forti motivazioni. Lo si fa per tanti motivi: per [&hellip;]<\/p>\n","protected":false},"author":5,"featured_media":0,"parent":0,"menu_order":0,"comment_status":"closed","ping_status":"closed","template":"","meta":{"footnotes":""},"tags":[454],"class_list":["post-16530","page","type-page","status-publish","hentry","tag-istituto"],"_links":{"self":[{"href":"https:\/\/itisfondi.edu.it\/web\/wp-json\/wp\/v2\/pages\/16530","targetHints":{"allow":["GET"]}}],"collection":[{"href":"https:\/\/itisfondi.edu.it\/web\/wp-json\/wp\/v2\/pages"}],"about":[{"href":"https:\/\/itisfondi.edu.it\/web\/wp-json\/wp\/v2\/types\/page"}],"author":[{"embeddable":true,"href":"https:\/\/itisfondi.edu.it\/web\/wp-json\/wp\/v2\/users\/5"}],"replies":[{"embeddable":true,"href":"https:\/\/itisfondi.edu.it\/web\/wp-json\/wp\/v2\/comments?post=16530"}],"version-history":[{"count":20,"href":"https:\/\/itisfondi.edu.it\/web\/wp-json\/wp\/v2\/pages\/16530\/revisions"}],"predecessor-version":[{"id":20554,"href":"https:\/\/itisfondi.edu.it\/web\/wp-json\/wp\/v2\/pages\/16530\/revisions\/20554"}],"wp:attachment":[{"href":"https:\/\/itisfondi.edu.it\/web\/wp-json\/wp\/v2\/media?parent=16530"}],"wp:term":[{"taxonomy":"post_tag","embeddable":true,"href":"https:\/\/itisfondi.edu.it\/web\/wp-json\/wp\/v2\/tags?post=16530"}],"curies":[{"name":"wp","href":"https:\/\/api.w.org\/{rel}","templated":true}]}}